{"id":3160,"date":"2025-05-26T09:27:19","date_gmt":"2025-05-26T07:27:19","guid":{"rendered":"https:\/\/www.humanys-solutions.ch\/?post_type=collaborateurs&#038;p=3160"},"modified":"2025-05-26T09:28:31","modified_gmt":"2025-05-26T07:28:31","slug":"igael-derrida","status":"publish","type":"collaborateurs","link":"https:\/\/www.humanys-solutions.ch\/de\/collaborateurs\/igael-derrida\/","title":{"rendered":"Iga\u00ebl Derrida"},"content":{"rendered":"\n<p>Iga\u00ebl Derrida verf\u00fcgt \u00fcber vier Jahre Erfahrung als Personalleiter und ist heute ein erfahrener HR-Berater und -Trainer. Seit neun Jahren unterrichtet er an zahlreichen Ausbildungszentren f\u00fcr das eidgen\u00f6ssische HR-Fachausweis.<\/p>\n\n\n\n<p>Als anerkannter Experte f\u00fcr Rekrutierung, Arbeitgebermarke und K\u00fcnstliche Intelligenz begleitet er Teams und Organisationen in bedeutenden Transformationsprozessen. Sein einzigartiger Ansatz stellt den Menschen ins Zentrum, f\u00f6rdert Innovation und maximiert das Potenzial von Talenten.<\/p>\n\n\n\n<p><\/p>\n","protected":false},"excerpt":{"rendered":"<p>Iga\u00ebl Derrida verf\u00fcgt \u00fcber vier Jahre Erfahrung als Personalleiter und ist heute ein erfahrener HR-Berater und -Trainer. Seit neun Jahren unterrichtet er an zahlreichen Ausbildungszentren f\u00fcr das eidgen\u00f6ssische HR-Fachausweis. Als anerkannter Experte f\u00fcr Rekrutierung, Arbeitgebermarke und K\u00fcnstliche Intelligenz begleitet er Teams und Organisationen in bedeutenden Transformationsprozessen. Sein einzigartiger Ansatz stellt den Menschen ins Zentrum, f\u00f6rdert [&hellip;]<\/p>\n","protected":false},"author":9,"featured_media":4162,"parent":0,"menu_order":20,"template":"","meta":{"_monsterinsights_skip_tracking":false,"_monsterinsights_sitenote_active":false,"_monsterinsights_sitenote_note":"","_monsterinsights_sitenote_category":0,"footnotes":""},"agence":[],"class_list":["post-3160","collaborateurs","type-collaborateurs","status-publish","has-post-thumbnail","hentry"],"yoast_head":"<!-- This site is optimized with the Yoast SEO plugin v25.2 - https:\/\/yoast.com\/wordpress\/plugins\/seo\/ -->\n<title>Iga\u00ebl Derrida - Humanys Solutions<\/title>\n<meta name=\"robots\" content=\"index, follow, max-snippet:-1, max-image-preview:large, max-video-preview:-1\" \/>\n<link rel=\"canonical\" href=\"https:\/\/www.humanys-solutions.ch\/de\/collaborateurs\/igael-derrida\/\" \/>\n<meta property=\"og:locale\" content=\"de_DE\" \/>\n<meta property=\"og:type\" content=\"article\" \/>\n<meta property=\"og:title\" content=\"Iga\u00ebl Derrida - Humanys Solutions\" \/>\n<meta property=\"og:description\" content=\"Iga\u00ebl Derrida verf\u00fcgt \u00fcber vier Jahre Erfahrung als Personalleiter und ist heute ein erfahrener HR-Berater und -Trainer. Seit neun Jahren unterrichtet er an zahlreichen Ausbildungszentren f\u00fcr das eidgen\u00f6ssische HR-Fachausweis. Als anerkannter Experte f\u00fcr Rekrutierung, Arbeitgebermarke und K\u00fcnstliche Intelligenz begleitet er Teams und Organisationen in bedeutenden Transformationsprozessen. Sein einzigartiger Ansatz stellt den Menschen ins Zentrum, f\u00f6rdert [&hellip;]\" \/>\n<meta property=\"og:url\" content=\"https:\/\/www.humanys-solutions.ch\/de\/collaborateurs\/igael-derrida\/\" \/>\n<meta property=\"og:site_name\" content=\"Humanys Solutions\" \/>\n<meta property=\"article:modified_time\" content=\"2025-05-26T07:28:31+00:00\" \/>\n<meta property=\"og:image\" content=\"https:\/\/www.humanys-solutions.ch\/wp-content\/uploads\/2025\/05\/iderrida.jpg\" \/>\n\t<meta property=\"og:image:width\" content=\"684\" \/>\n\t<meta property=\"og:image:height\" content=\"684\" \/>\n\t<meta property=\"og:image:type\" content=\"image\/jpeg\" \/>\n<meta name=\"twitter:card\" content=\"summary_large_image\" \/>\n<meta name=\"twitter:label1\" content=\"Gesch\u00e4tzte Lesezeit\" \/>\n\t<meta name=\"twitter:data1\" content=\"1\u00a0Minute\" \/>\n<script type=\"application\/ld+json\" class=\"yoast-schema-graph\">{\"@context\":\"https:\/\/schema.org\",\"@graph\":[{\"@type\":\"WebPage\",\"@id\":\"https:\/\/www.humanys-solutions.ch\/de\/collaborateurs\/igael-derrida\/\",\"url\":\"https:\/\/www.humanys-solutions.ch\/de\/collaborateurs\/igael-derrida\/\",\"name\":\"Iga\u00ebl Derrida - Humanys Solutions\",\"isPartOf\":{\"@id\":\"https:\/\/www.humanys-solutions.ch\/de\/#website\"},\"primaryImageOfPage\":{\"@id\":\"https:\/\/www.humanys-solutions.ch\/de\/collaborateurs\/igael-derrida\/#primaryimage\"},\"image\":{\"@id\":\"https:\/\/www.humanys-solutions.ch\/de\/collaborateurs\/igael-derrida\/#primaryimage\"},\"thumbnailUrl\":\"https:\/\/www.humanys-solutions.ch\/wp-content\/uploads\/2025\/05\/iderrida.jpg\",\"datePublished\":\"2025-05-26T07:27:19+00:00\",\"dateModified\":\"2025-05-26T07:28:31+00:00\",\"breadcrumb\":{\"@id\":\"https:\/\/www.humanys-solutions.ch\/de\/collaborateurs\/igael-derrida\/#breadcrumb\"},\"inLanguage\":\"de\",\"potentialAction\":[{\"@type\":\"ReadAction\",\"target\":[\"https:\/\/www.humanys-solutions.ch\/de\/collaborateurs\/igael-derrida\/\"]}]},{\"@type\":\"ImageObject\",\"inLanguage\":\"de\",\"@id\":\"https:\/\/www.humanys-solutions.ch\/de\/collaborateurs\/igael-derrida\/#primaryimage\",\"url\":\"https:\/\/www.humanys-solutions.ch\/wp-content\/uploads\/2025\/05\/iderrida.jpg\",\"contentUrl\":\"https:\/\/www.humanys-solutions.ch\/wp-content\/uploads\/2025\/05\/iderrida.jpg\",\"width\":684,\"height\":684},{\"@type\":\"BreadcrumbList\",\"@id\":\"https:\/\/www.humanys-solutions.ch\/de\/collaborateurs\/igael-derrida\/#breadcrumb\",\"itemListElement\":[{\"@type\":\"ListItem\",\"position\":1,\"name\":\"Accueil\",\"item\":\"https:\/\/www.humanys-solutions.ch\/de\/\"},{\"@type\":\"ListItem\",\"position\":2,\"name\":\"Iga\u00ebl Derrida\"}]},{\"@type\":\"WebSite\",\"@id\":\"https:\/\/www.humanys-solutions.ch\/de\/#website\",\"url\":\"https:\/\/www.humanys-solutions.ch\/de\/\",\"name\":\"Humanys Solutions\",\"description\":\"\",\"publisher\":{\"@id\":\"https:\/\/www.humanys-solutions.ch\/de\/#organization\"},\"potentialAction\":[{\"@type\":\"SearchAction\",\"target\":{\"@type\":\"EntryPoint\",\"urlTemplate\":\"https:\/\/www.humanys-solutions.ch\/de\/?s={search_term_string}\"},\"query-input\":{\"@type\":\"PropertyValueSpecification\",\"valueRequired\":true,\"valueName\":\"search_term_string\"}}],\"inLanguage\":\"de\"},{\"@type\":\"Organization\",\"@id\":\"https:\/\/www.humanys-solutions.ch\/de\/#organization\",\"name\":\"Humanys Solutions\",\"url\":\"https:\/\/www.humanys-solutions.ch\/de\/\",\"logo\":{\"@type\":\"ImageObject\",\"inLanguage\":\"de\",\"@id\":\"https:\/\/www.humanys-solutions.ch\/de\/#\/schema\/logo\/image\/\",\"url\":\"https:\/\/www.humanys-solutions.ch\/wp-content\/uploads\/2023\/06\/Humanys_Solutions_Logo_RVB.png\",\"contentUrl\":\"https:\/\/www.humanys-solutions.ch\/wp-content\/uploads\/2023\/06\/Humanys_Solutions_Logo_RVB.png\",\"width\":567,\"height\":203,\"caption\":\"Humanys Solutions\"},\"image\":{\"@id\":\"https:\/\/www.humanys-solutions.ch\/de\/#\/schema\/logo\/image\/\"}}]}<\/script>\n<!-- \/ Yoast SEO plugin. -->","yoast_head_json":{"title":"Iga\u00ebl Derrida - Humanys Solutions","robots":{"index":"index","follow":"follow","max-snippet":"max-snippet:-1","max-image-preview":"max-image-preview:large","max-video-preview":"max-video-preview:-1"},"canonical":"https:\/\/www.humanys-solutions.ch\/de\/collaborateurs\/igael-derrida\/","og_locale":"de_DE","og_type":"article","og_title":"Iga\u00ebl Derrida - Humanys Solutions","og_description":"Iga\u00ebl Derrida verf\u00fcgt \u00fcber vier Jahre Erfahrung als Personalleiter und ist heute ein erfahrener HR-Berater und -Trainer. Seit neun Jahren unterrichtet er an zahlreichen Ausbildungszentren f\u00fcr das eidgen\u00f6ssische HR-Fachausweis. Als anerkannter Experte f\u00fcr Rekrutierung, Arbeitgebermarke und K\u00fcnstliche Intelligenz begleitet er Teams und Organisationen in bedeutenden Transformationsprozessen. Sein einzigartiger Ansatz stellt den Menschen ins Zentrum, f\u00f6rdert [&hellip;]","og_url":"https:\/\/www.humanys-solutions.ch\/de\/collaborateurs\/igael-derrida\/","og_site_name":"Humanys Solutions","article_modified_time":"2025-05-26T07:28:31+00:00","og_image":[{"width":684,"height":684,"url":"https:\/\/www.humanys-solutions.ch\/wp-content\/uploads\/2025\/05\/iderrida.jpg","type":"image\/jpeg"}],"twitter_card":"summary_large_image","twitter_misc":{"Gesch\u00e4tzte Lesezeit":"1\u00a0Minute"},"schema":{"@context":"https:\/\/schema.org","@graph":[{"@type":"WebPage","@id":"https:\/\/www.humanys-solutions.ch\/de\/collaborateurs\/igael-derrida\/","url":"https:\/\/www.humanys-solutions.ch\/de\/collaborateurs\/igael-derrida\/","name":"Iga\u00ebl Derrida - Humanys Solutions","isPartOf":{"@id":"https:\/\/www.humanys-solutions.ch\/de\/#website"},"primaryImageOfPage":{"@id":"https:\/\/www.humanys-solutions.ch\/de\/collaborateurs\/igael-derrida\/#primaryimage"},"image":{"@id":"https:\/\/www.humanys-solutions.ch\/de\/collaborateurs\/igael-derrida\/#primaryimage"},"thumbnailUrl":"https:\/\/www.humanys-solutions.ch\/wp-content\/uploads\/2025\/05\/iderrida.jpg","datePublished":"2025-05-26T07:27:19+00:00","dateModified":"2025-05-26T07:28:31+00:00","breadcrumb":{"@id":"https:\/\/www.humanys-solutions.ch\/de\/collaborateurs\/igael-derrida\/#breadcrumb"},"inLanguage":"de","potentialAction":[{"@type":"ReadAction","target":["https:\/\/www.humanys-solutions.ch\/de\/collaborateurs\/igael-derrida\/"]}]},{"@type":"ImageObject","inLanguage":"de","@id":"https:\/\/www.humanys-solutions.ch\/de\/collaborateurs\/igael-derrida\/#primaryimage","url":"https:\/\/www.humanys-solutions.ch\/wp-content\/uploads\/2025\/05\/iderrida.jpg","contentUrl":"https:\/\/www.humanys-solutions.ch\/wp-content\/uploads\/2025\/05\/iderrida.jpg","width":684,"height":684},{"@type":"BreadcrumbList","@id":"https:\/\/www.humanys-solutions.ch\/de\/collaborateurs\/igael-derrida\/#breadcrumb","itemListElement":[{"@type":"ListItem","position":1,"name":"Accueil","item":"https:\/\/www.humanys-solutions.ch\/de\/"},{"@type":"ListItem","position":2,"name":"Iga\u00ebl Derrida"}]},{"@type":"WebSite","@id":"https:\/\/www.humanys-solutions.ch\/de\/#website","url":"https:\/\/www.humanys-solutions.ch\/de\/","name":"Humanys Solutions","description":"","publisher":{"@id":"https:\/\/www.humanys-solutions.ch\/de\/#organization"},"potentialAction":[{"@type":"SearchAction","target":{"@type":"EntryPoint","urlTemplate":"https:\/\/www.humanys-solutions.ch\/de\/?s={search_term_string}"},"query-input":{"@type":"PropertyValueSpecification","valueRequired":true,"valueName":"search_term_string"}}],"inLanguage":"de"},{"@type":"Organization","@id":"https:\/\/www.humanys-solutions.ch\/de\/#organization","name":"Humanys Solutions","url":"https:\/\/www.humanys-solutions.ch\/de\/","logo":{"@type":"ImageObject","inLanguage":"de","@id":"https:\/\/www.humanys-solutions.ch\/de\/#\/schema\/logo\/image\/","url":"https:\/\/www.humanys-solutions.ch\/wp-content\/uploads\/2023\/06\/Humanys_Solutions_Logo_RVB.png","contentUrl":"https:\/\/www.humanys-solutions.ch\/wp-content\/uploads\/2023\/06\/Humanys_Solutions_Logo_RVB.png","width":567,"height":203,"caption":"Humanys Solutions"},"image":{"@id":"https:\/\/www.humanys-solutions.ch\/de\/#\/schema\/logo\/image\/"}}]}},"_links":{"self":[{"href":"https:\/\/www.humanys-solutions.ch\/de\/wp-json\/wp\/v2\/collaborateurs\/3160","targetHints":{"allow":["GET"]}}],"collection":[{"href":"https:\/\/www.humanys-solutions.ch\/de\/wp-json\/wp\/v2\/collaborateurs"}],"about":[{"href":"https:\/\/www.humanys-solutions.ch\/de\/wp-json\/wp\/v2\/types\/collaborateurs"}],"author":[{"embeddable":true,"href":"https:\/\/www.humanys-solutions.ch\/de\/wp-json\/wp\/v2\/users\/9"}],"version-history":[{"count":2,"href":"https:\/\/www.humanys-solutions.ch\/de\/wp-json\/wp\/v2\/collaborateurs\/3160\/revisions"}],"predecessor-version":[{"id":3164,"href":"https:\/\/www.humanys-solutions.ch\/de\/wp-json\/wp\/v2\/collaborateurs\/3160\/revisions\/3164"}],"wp:featuredmedia":[{"embeddable":true,"href":"https:\/\/www.humanys-solutions.ch\/de\/wp-json\/wp\/v2\/media\/4162"}],"wp:attachment":[{"href":"https:\/\/www.humanys-solutions.ch\/de\/wp-json\/wp\/v2\/media?parent=3160"}],"wp:term":[{"taxonomy":"agence","embeddable":true,"href":"https:\/\/www.humanys-solutions.ch\/de\/wp-json\/wp\/v2\/agence?post=3160"}],"curies":[{"name":"wp","href":"https:\/\/api.w.org\/{rel}","templated":true}]}}

Igaël Derrida

<p>Igaël Derrida verfügt über vier Jahre Erfahrung als Personalleiter und ist heute ein erfahrener HR-Berater und -Trainer. Seit neun Jahren unterrichtet er an zahlreichen Ausbildungszentren für das eidgenössische HR-Fachausweis.</p>



<p>Als anerkannter Experte für Rekrutierung, Arbeitgebermarke und Künstliche Intelligenz begleitet er Teams und Organisationen in bedeutenden Transformationsprozessen. Sein einzigartiger Ansatz stellt den Menschen ins Zentrum, fördert Innovation und maximiert das Potenzial von Talenten.</p>



<p></p>

<p>Igaël Derrida verfügt über vier Jahre Erfahrung als Personalleiter und ist heute ein erfahrener HR-Berater und -Trainer. Seit neun Jahren unterrichtet er an zahlreichen Ausbildungszentren für das eidgenössische HR-Fachausweis. Als anerkannter Experte für Rekrutierung, Arbeitgebermarke und Künstliche Intelligenz begleitet er Teams und Organisationen in bedeutenden Transformationsprozessen. Sein einzigartiger Ansatz stellt den Menschen ins Zentrum, fördert [&hellip;]</p>

<!-- This site is optimized with the Yoast SEO plugin v25.2 - https://yoast.com/wordpress/plugins/seo/ -->
<title>Igaël Derrida - Humanys Solutions</title>
<meta name="robots" content="index, follow, max-snippet:-1, max-image-preview:large, max-video-preview:-1" />
<link rel="canonical" href="https://www.humanys-solutions.ch/de/collaborateurs/igael-derrida/" />
<meta property="og:locale" content="de_DE" />
<meta property="og:type" content="article" />
<meta property="og:title" content="Igaël Derrida - Humanys Solutions" />
<meta property="og:description" content="Igaël Derrida verfügt über vier Jahre Erfahrung als Personalleiter und ist heute ein erfahrener HR-Berater und -Trainer. Seit neun Jahren unterrichtet er an zahlreichen Ausbildungszentren für das eidgenössische HR-Fachausweis. Als anerkannter Experte für Rekrutierung, Arbeitgebermarke und Künstliche Intelligenz begleitet er Teams und Organisationen in bedeutenden Transformationsprozessen. Sein einzigartiger Ansatz stellt den Menschen ins Zentrum, fördert [&hellip;]" />
<meta property="og:url" content="https://www.humanys-solutions.ch/de/collaborateurs/igael-derrida/" />
<meta property="og:site_name" content="Humanys Solutions" />
<meta property="article:modified_time" content="2025-05-26T07:28:31+00:00" />
<meta property="og:image" content="https://www.humanys-solutions.ch/wp-content/uploads/2025/05/iderrida.jpg" />
	<meta property="og:image:width" content="684" />
	<meta property="og:image:height" content="684" />
	<meta property="og:image:type" content="image/jpeg" />
<meta name="twitter:card" content="summary_large_image" />
<meta name="twitter:label1" content="Geschätzte Lesezeit" />
	<meta name="twitter:data1" content="1 Minute" />
<script type="application/ld+json" class="yoast-schema-graph">{"@context":"https://schema.org","@graph":[{"@type":"WebPage","@id":"https://www.humanys-solutions.ch/de/collaborateurs/igael-derrida/","url":"https://www.humanys-solutions.ch/de/collaborateurs/igael-derrida/","name":"Igaël Derrida - Humanys Solutions","isPartOf":{"@id":"https://www.humanys-solutions.ch/de/#website"},"primaryImageOfPage":{"@id":"https://www.humanys-solutions.ch/de/collaborateurs/igael-derrida/#primaryimage"},"image":{"@id":"https://www.humanys-solutions.ch/de/collaborateurs/igael-derrida/#primaryimage"},"thumbnailUrl":"https://www.humanys-solutions.ch/wp-content/uploads/2025/05/iderrida.jpg","datePublished":"2025-05-26T07:27:19+00:00","dateModified":"2025-05-26T07:28:31+00:00","breadcrumb":{"@id":"https://www.humanys-solutions.ch/de/collaborateurs/igael-derrida/#breadcrumb"},"inLanguage":"de","potentialAction":[{"@type":"ReadAction","target":["https://www.humanys-solutions.ch/de/collaborateurs/igael-derrida/"]}]},{"@type":"ImageObject","inLanguage":"de","@id":"https://www.humanys-solutions.ch/de/collaborateurs/igael-derrida/#primaryimage","url":"https://www.humanys-solutions.ch/wp-content/uploads/2025/05/iderrida.jpg","contentUrl":"https://www.humanys-solutions.ch/wp-content/uploads/2025/05/iderrida.jpg","width":684,"height":684},{"@type":"BreadcrumbList","@id":"https://www.humanys-solutions.ch/de/collaborateurs/igael-derrida/#breadcrumb","itemListElement":[{"@type":"ListItem","position":1,"name":"Accueil","item":"https://www.humanys-solutions.ch/de/"},{"@type":"ListItem","position":2,"name":"Igaël Derrida"}]},{"@type":"WebSite","@id":"https://www.humanys-solutions.ch/de/#website","url":"https://www.humanys-solutions.ch/de/","name":"Humanys Solutions","description":"","publisher":{"@id":"https://www.humanys-solutions.ch/de/#organization"},"potentialAction":[{"@type":"SearchAction","target":{"@type":"EntryPoint","urlTemplate":"https://www.humanys-solutions.ch/de/?s={search_term_string}"},"query-input":{"@type":"PropertyValueSpecification","valueRequired":true,"valueName":"search_term_string"}}],"inLanguage":"de"},{"@type":"Organization","@id":"https://www.humanys-solutions.ch/de/#organization","name":"Humanys Solutions","url":"https://www.humanys-solutions.ch/de/","logo":{"@type":"ImageObject","inLanguage":"de","@id":"https://www.humanys-solutions.ch/de/#/schema/logo/image/","url":"https://www.humanys-solutions.ch/wp-content/uploads/2023/06/Humanys_Solutions_Logo_RVB.png","contentUrl":"https://www.humanys-solutions.ch/wp-content/uploads/2023/06/Humanys_Solutions_Logo_RVB.png","width":567,"height":203,"caption":"Humanys Solutions"},"image":{"@id":"https://www.humanys-solutions.ch/de/#/schema/logo/image/"}}]}</script>
<!-- / Yoast SEO plugin. -->

Igaël Derrida - Humanys Solutions

Igaël Derrida verfügt über vier Jahre Erfahrung als Personalleiter und ist heute ein erfahrener HR-Berater und -Trainer. Seit neun Jahren unterrichtet er an zahlreichen Ausbildungszentren für das eidgenössische HR-Fachausweis. Als anerkannter Experte für Rekrutierung, Arbeitgebermarke und Künstliche Intelligenz begleitet er Teams und Organisationen in bedeutenden Transformationsprozessen. Sein einzigartiger Ansatz stellt den Menschen ins Zentrum, fördert [&hellip;]
